 15 = 0. List the prime factors of g.
3
Let t(b) = b**3 + 6*b**2 - 2*b - 9. Suppose -5*p + p - 80 = 0. Let s = p - -14. List the prime factors of t(s).
3
Let k(m) = 7*m - 1. Let i be k(-1). List the prime factors of (-5)/(-20) + (-62)/i.
2
Let p = -12 + 140. What are the prime factors of p?
2
Let a be (4 - 3)*(1 - 1). Suppose o + 3*p - 4 - 9 = 0, -3*o + 39 = -2*p. Suppose -2*m + o + 5 = a. What are the prime factors of m?
3
Let f be ((-4)/6)/(8/(-12)). Let v = 3 - f. What are the prime factors of v?
2
Let s be (-6)/(-18)*(11 + 1). Let p(j) = -j**3 + 5*j**2 + 3*j. What are the prime factors of p(s)?
2, 7
Suppose -3*h = 2*h - 20. Suppose -2*j - 7 = -1, -j = -h*w + 43. What are the prime factors of w?
2, 5
Let a(r) = -r - 5. Let h be a(-8). Let j(l) = l**2 - l + 5. Let x be j(6). Suppose -y - 5 = -h*n + 4*y, n + 5*y - x = 0. What are the prime factors of n?
2, 5
Let s(d) = -d**3 - 3*d**2 + 11*d + 7. What are the prime factors of s(-5)?
2
Suppose 9*j - 140 = 4*j. Suppose 0*z + j = 2*z. What are the prime factors of (z/(-4))/((-1)/2)?
7
Suppose 4*a + 16 = 8*a. Let x(b) = 2*b**3 - b**2 + 2*b - 3. Let z be x(3). Suppose -a*y + y = -z. What are the prime factors of y?
2
Let a = 25 + -54. Let m = 56 + a. What are the prime factors of 1/(57/m + -2)?
3
Suppose -142 = -q - 3*r, -3*q + 137 = -2*q + 4*r. List the prime factors of q.
157
What are the prime factors of (2 - 17)/(6/(-4))?
2, 5
Suppose -5*n - 305 = -10*n. What are the prime factors of n?
61
Suppose -1 = 3*r + 2*u - 5, -2*u = -5*r + 12. Suppose 223 = 5*i + r*m, 4 = m - 0. List the prime factors of i.
43
Let y(l) = 3*l - 7. Let r(o) = o**3 + 6*o**2 - 2*o - 7. Let d be r(-6). List the prime factors of y(d).
2
Let p be 10*-2 + (0 - 1). Let u = p + 35. What are the prime factors of u?
2, 7
Let m(y) = 3*y**2 + 3*y + 1. Let j be m(-2). Suppose -5*t = w - j, -t - w = 2 - 5. Suppose u - 2*o - t = -6, -u = -3*o + 10. What are the prime factors of u?
5
Let a = -2 - -4. What are the prime factors of a/(-2) + 10 + 0?
3
Let o = 44 + 2. What are the prime factors of o?
2, 23
Suppose -5*j - 7 + 22 = 0. Let p = 1 + j. Suppose p*n - 44 = 6*u - 2*u, -4*u + 20 = 0. List the prime factors of n.
2
Let j(a) = 2*a**3 - 2*a**2 - a + 1. Let v be j(2). Let z(h) = 10*h - 5*h - 8 + h**2 - v*h. List the prime factors of z(6).
2
Let s = 41 + -26. Suppose 7*l + s = 2*l. Let d(n) = -n. List the prime factors of d(l).
3
Let r = 45 - 10. What are the prime factors of r?
5, 7
Suppose -10 = -5*u - 4*i, -5*u = -2*i - 3*i - 10. List the prime factors of (-1)/(((-4)/6)/u).
3
Let s = -187 - -369. List the prime factors of s.
2, 7, 13
Suppose -2*v = -30 - 110. List the prime factors of v.
2, 5, 7
Suppose 2*o = 7*o + 95. Let t = -12 - -9. Let x = t - o. List the prime factors of x.
2
Suppose 0 = -3*d, 2*k + 0 - 4 = -d. Suppose -k*q + 0*q = -12. List the prime factors of q.
2, 3
Suppose -5*v - 49 = -2*s, 32 = s + 4*v + v. What are the prime factors of s?
3
Suppose -4*s + 384 = -140. What are the prime factors of s?
131
Let b(m) = 3*m - 5. Let y be (0 + (-2)/(-8))*4. Suppose -y = s - 6. What are the prime factors of b(s)?
2, 5
Suppose -3*f - 75 = -8*f. Let w = f - 23. List the prime factors of -1 + (3/3 - w).
2
Suppose 10*m - 2*m - 280 = 0. List the prime factors of m.
5, 7
Let w(q) = 24*q. Let l be w(-1). Let z = 40 + l. List the prime factors of z.
2
Let x(k) = -k**2 + 4*k + 3. Let v be x(4). Let u = -12 + 31. List the prime factors of v/(-18) + u/6.
3
Suppose -5*i + 291 = 5*r + 46, 3*r + 217 = 4*i. List the prime factors of i.
2, 13
What are the prime factors of (-70)/(-21)*(-45)/(-6)?
5
Let b = 9 - 13. Let s = b + 8. Suppose 77 = s*v + 3*g + 5, 4*v - 3*g = 48. List the prime factors of v.
3, 5
Let f(m) = m + 4. Let r be f(-4). Let x = -10 + 18. Suppose x*i - 4*i - 60 = -5*o, o - 4 = r. What are the prime factors of i?
2, 5
Suppose -2*j = 2*b + 32 - 100, 106 = 4*b - 2*j. What are the prime factors of b?
29
Let j = 101 - 43. Let r = j + -39. List the prime factors of r.
19
Let b(u) = -u**2 - 3*u + 3. Let q be b(-4). Let j = q + 11. What are the prime factors of j?
2, 5
Suppose -5*h = 2*x - 120, -76 - 22 = -3*h + 4*x. Let d = -9 + h. What are the prime factors of d?
17
Suppose -4*x = -4*z - 24, x = -2*z - 1 - 2. Let v = z - -2. What are the prime factors of v - ((-17 - -3) + 1)?
2, 3
Suppose -4*b + 0*b = -36. List the prime factors of b.
3
Suppose -g - 11 = -4*q, -g = 4*q + g - 2. Let p(b) = -1 - 2 + 4*b + q + 4. What are the prime factors of p(3)?
3, 5
Suppose 2*q = 34 + 18. What are the prime factors of q?
2, 13
Suppose 0 = -p - 2*z + 37, 4*z + 71 = -0*p + 3*p. What are the prime factors of p?
29
Suppose 0 = -n + 3*n - 162. What are the prime factors of n?
3
Suppose 0 = 4*v + 2*n + 12, 0*n + 4 = -n. Let o = 1 - v. Suppose m - 2*r - 32 = o*r, 2*m - 3*r = 39. List the prime factors of m.
2, 3
Suppose -257 = -4*b - 5*n, -5*b = -4*n - 192 - 160. What are the prime factors of b?
2, 17
Suppose 1 = -n - 0*m + 5*m, -2*n = 2*m + 38. Let a(p) = -7*p - 7. Let r be a(-5). Let o = n + r. What are the prime factors of o?
2, 3
Let v(h) = -h. Let x be v(0). Let l = 1 + x. Suppose 4*g - 17 + l = 0. List the prime factors of g.
2
Suppose 8*b = 11*b - 918. List the prime factors of b.
2, 3, 17
Let s = 72 + 34. What are the prime factors of s?
2, 53
Suppose 9*z - 2*r = 4*z - 35, 2*r + 35 = -5*z. Let c = 11 + z. List the prime factors of c.
2
Let q(c) be the second derivative of 3*c**4/4 + c**2/2 + c. List the prime factors of q(-1).
2, 5
Let m = -17 + 32. Suppose -l - m = 4*l. Let u = 7 + l. What are the prime factors of u?
2
Suppose 12 = 5*s - s. Suppose -4*h - 2*y + 63 = -3*y, 2*h = s*y + 29. List the prime factors of h.
2
Let t(g) = g**3 - 11*g**2 - 13*g + 15. Let d be t(12). Suppose -p = -d*p + 14. List the prime factors of p.
7
Suppose -8*i + 36 = i. What are the prime factors of i?
2
Let y be (40/(-12))/(4/(-30)). Suppose 0*a - 3*a = 0, 3*z = -3*a + 9. Suppose z*n - 8 = y. List the prime factors of n.
11
Suppose -6 = 2*g - 4*g. What are the prime factors of g?
3
Let y(r) = -r**3 - 10*r**2 - 9*r + 3. Let p = 10 + -19. What are the prime factors of y(p)?
3
Let f(i) be the second derivative of -4*i**3/3 - 9*i**2/2 + 10*i. What are the prime factors of f(-8)?
5, 11
List the prime factors of (-1)/((-3)/(-12)) - -30.
2, 13
Let q(b) = b**2 - 1. Let v be q(2). What are the prime factors of 17 + (v - 1)*-1?
3, 5
Let h(o) = -8*o**3 - 2*o**2 + 2*o - 1. Let f be h(1). Let b(z) = -z**2 - 10*z + 6. List the prime factors of b(f).
3, 5
Let h be (-9 - 3)*-4 - -1. List the prime factors of (-1 + h)*(-2)/(-3).
2
Let f(v) be the third derivative of v**6/120 + v**4/24 + 4*v**3 - v**2. Let u be f(0). Let a = -15 + u. What are the prime factors of a?
3
Suppose 9*f - 138 = 3*f. What are the prime factors of f?
23
What are the prime factors of -26 + 28 - 12*-7?
2, 43
Let r = 5 - 3. Let u(g) = -4*g**2 + 5*g + 2*g**3 - 2*g + 4*g**2 - 4*g**2 - 2. List the prime factors of u(r).
2
Let t = 5 - 5. Let c be -19 - (t/(-1) - 3). What are the prime factors of (24/c)/((-6)/64)?
2
Suppose 3*n - 2*n + 8 = 0. Let x be 4/n*1*-4. Suppose 23 = 2*i + a, 0 = i - x*a - 6 + 2. List the prime factors of i.
2, 5
Let g = 4 - 1. Suppose -5 = -4*f + g. Suppose 0 = -8*p + 3*p - 5*w + 85, 0 = -f*p - 5*w + 49. What are the prime factors of p?
2, 3
Suppose 2*o - 2 = 6. Let r = 7 - 5. Suppose -z - r*z + 21 = 3*u, 2*u - 36 = -o*z. What are the prime factors of z?
11
Suppose 4*f - 12 = 12. Suppose -1 = -y + 2*y. Let p = f - y. What are the prime factors of p?
7
Let u(q) = q**3 + q**2 - 3*q - 3. Let i be u(-2). Let d be i + 12/2 + 2. Suppose h + 2 = d. List the prime factors of h.
5
Let t = 8 - 13. Let h(w) = w**2 + 5*w - 2. Let m be h(t). Let n(z) = 2*z**2 - 2. What are the prime factors of n(m)?
2, 3
Suppose -5*l = -0*l - 15. Suppose 46 = l*r - 11. What are the prime factors of r?
19
Let w be 6/(-1*(-6)/(-4)). List the prime factors of 19 - (w + 4)/(-3).
19
Suppose 3*t - 18 + 2 = -2*v, 2*t - 16 = -4*v. Let y(s) = 5*s - 2*s**v + s**3 - s**2 + 0*s**3 - 4. What are the prime factors of y(3)?
11
Suppose 3*k - 65 = 4*b, 5*b = 4*k + k - 100. Let u = 21 - k. Suppose 30 = u*d - d. What are the prime factors of d?
2, 3
Let s = 20 - 35. Let w = s + 11. What are the prime factors of (-2)/w*-6*-3?
3
Let u be (-7